-107).
-268
Let a(y) = 5*y**2 + 594*y - 3128. Give a(-124).
96
Let d(b) = -105*b**2 - b - 14. Determine d(0).
-14
Let a(g) = -1397*g**2 + 8457*g + 42. Determine a(6).
492
Let t(d) = -3*d**3 + 21*d**2 - 37*d + 274. Give t(7).
15
Let j(l) = 6*l**2 + 301*l - 3820. Calculate j(13).
1107
Let w(r) = 679*r - 1263. Calculate w(2).
95
Let m(f) = -7875*f + 70867. Give m(9).
-8
Let s(p) = 97*p**2 + 419*p - 373. Give s(-5).
-43
Let b(v) = 2*v**3 + 9*v**2 + 959*v + 12839. Calculate b(-13).
-2501
Let a(x) = -13930*x - 166855. Calculate a(-12).
305
Let p(w) = 6321*w + 88377. Calculate p(-14).
-117
Let a(q) = -q**2 - 38*q + 2334. What is a(-64)?
670
Let g(s) = s**2 + 1024*s - 118507. Calculate g(105).
38
Let f(q) = 42*q**2 - 786*q - 1100. Give f(20).
-20
Let v(a) = -1653*a - 23139. Give v(-14).
3
Let d(v) = -2878*v + 4588. What is d(2)?
-1168
Let m(w) = 1603*w + 4677. What is m(-3)?
-132
Let f(w) = -1829*w - 46. Determine f(0).
-46
Let i(o) = -o**3 - 33*o**2 - 483*o + 261. What is i(-17)?
3848
Let v(h) = -13*h**3 + 5*h**2 + 56*h - 210. Calculate v(4).
-738
Let p(s) = 2558*s + 30579. Determine p(-12).
-117
Let f(r) = 2486*r + 42357. Give f(-17).
95
Let v(c) = -9*c**3 - 93*c**2 + 26*c + 324. Calculate v(-10).
-236
Let a(o) = 116*o + 705. Calculate a(-4).
241
Let g(y) = 1379*y - 1458. What is g(0)?
-1458
Let x(b) = -236*b**2 - 2583*b + 28. Give x(-11).
-115
Let v(j) = -j**3 - 50*j**2 + 2896*j + 144287. Give v(-49).
-18
Let c(g) = -41*g**2 + 9427*g - 9427. What is c(1)?
-41
Let n(p) = 39*p**2 - 8968*p - 309. Determine n(230).
151
Let h(d) = 6*d**3 + 78*d**2 - 516*d - 428. Determine h(7).
1840
Let v(p) = p**3 + 64*p**2 - 218*p - 6295. Give v(-66).
-619
Let t(w) = w**2 - 389*w - 151822. Give t(-241).
8
Let l(c) = -339*c - 254239. Give l(-750).
11
Let h(l) = 502*l - 42708. Give h(86).
464
Let w(c) = -c**2 - 49*c + 10105. Determine w(79).
-7
Let q(m) = m**3 + m**2 - 25*m + 108. Give q(8).
484
Let s(p) = p**2 - 92*p + 2019. Calculate s(41).
-72
Let t(r) = 107262*r + 858297. Give t(-8).
201
Let y(s) = -s**3 - 480*s**2 - 8774*s - 6913. Give y(-461).
2
Let x(w) = -8*w**3 + 287*w**2 + 36*w + 16. What is x(36)?
16
Let m(q) = q**3 + 36902*q**2 - 36902*q + 1. What is m(1)?
2
Let j(n) = 325*n**3 - 4*n**2 - 47*n + 54. Calculate j(1).
328
Let b(m) = m**2 + 9*m - 2328. Calculate b(44).
4
Let w(k) = k**3 - 13*k**2 - 3639*k + 25767. Determine w(7).
0
Let m(i) = 12*i**2 - 1493*i - 1610. Give m(125).
-735
Let y(t) = -72360*t + 1736604. Calculate y(24).
-36
Let o(u) = u**3 + 98*u**2 - 473*u - 5915. What is o(-102)?
715
Let r(v) = 5*v**2 - 96*v - 17. Give r(18).
-125
Let o(s) = 6649*s + 19164. What is o(-3)?
-783
Let g(h) = 8524*h - 144902. Calculate g(17).
6
Let y(h) = -36*h**2 - 137*h - 270. What is y(-2)?
-140
Let x(m) = -m**3 - 136*m**2 - 1709*m - 235. What is x(-122)?
-113
Let p(f) = -370*f**3 - 2750*f**2 - 1117*f + 14. What is p(-7)?
-7
Let j(z) = 881*z**2 + 833*z + 73. What is j(-1)?
121
Let v(o) = o**2 - 40673*o - 447532. Determine v(-11).
-8
Let m(f) = 3*f**3 + 326*f**2 - 7721*f + 18. Give m(20).
-2
Let i(z) = -278*z**2 + 5842*z - 70. Determine i(21).
14
Let t(x) = 18540*x + 74163. Calculate t(-4).
3
Let z(j) = -j**2 + 72*j - 2080. Determine z(69).
-1873
Let r(m) = 2*m**2 + 74749*m + 2688416. Determine r(-36).
44
Let h(x) = 33*x**2 + 448*x + 1191. Give h(-10).
11
Let x(f) = 995*f + 45799. Calculate x(-46).
29
Let q(l) = -l**3 - 106*l**2 + 111*l + 33166. What is q(-104)?
-10
Let g(v) = -472*v**2 + 124606*v + 634. Calculate g(264).
106
Let b(r) = -3*r**2 - 353*r - 1347. Determine b(-4).
17
Let z(i) = -23*i**2 + 3611*i + 3626. What is z(158)?
-8
Let x(g) = -74*g**2 - 7993*g - 419. Give x(-108).
-311
Let n(c) = 2*c**3 - 527*c**2 + 31902*c + 6591. Calculate n(169).
0
Let h(n) = -480*n + 123362. Determine h(257).
2
Let i(a) = a**2 + 3234*a - 32365. Calculate i(10).
75
Let l(z) = -342*z - 5790. Calculate l(-21).
1392
Let x(q) = 237*q**2 - 122052*q - 1553. Give x(515).
-8
Let q(c) = 56578*c + 113169. Give q(-2).
13
Let h(w) = 66*w**3 - w**2 - 18*w - 17. Calculate h(-1).
-66
Let k(m) = -1806*m - 28733. What is k(-16)?
163
Let g(o) = -128*o + 1090. Give g(4).
578
Let i(g) = -32*g**2 + 1156*g - 1125. Give i(35).
135
Let x(o) = -10*o**2 - 2060*o - 4057. Calculate x(-204).
23
Let k(h) = -h**3 - 28*h**2 + 166*h - 437. Give k(-32).
-1653
Let h(d) = 323*d**3 - 219*d**2 + 211*d + 9. Calculate h(1).
324
Let k(r) = r**2 - 234*r + 3046. What is k(220)?
-34
Let v(m) = 2*m**2 - 21924*m + 43850. Calculate v(2).
10
Let n(h) = 25*h**2 - 545*h + 1093. Determine n(19).
-237
Let o(w) = 2635*w + 12634. Determine o(-5).
-541
Let y(b) = b**3 + b**2 - 3*b + 1734. Calculate y(0).
1734
Let x(u) = -2*u**3 - 265*u**2 + 307*u - 12729. What is x(-134)?
1
Let p(l) = -2*l**2 - 78*l - 133. Determine p(-41).
-297
Let b(y) = -308767*y - 8954244. Determine b(-29).
-1
Let p(s) = s**3 + 167*s**2 - 1047*s + 29766. Give p(-174).
12
Let k(c) = -c**3 - 74*c**2 - 1437*c - 2511. What is k(-37)?
5
Let q(j) = j**3 - 10*j**2 - 293*j + 35. Give q(22).
-603
Let h(z) = 2*z**3 - 25*z**2 + 2938*z - 31956. Determine h(11).
-1
Let p(d) = 88102*d + 792909. Determine p(-9).
-9
Let f(d) = 26*d + 3970. Calculate f(-146).
174
Let p(h) = h**3 + 17*h**2 + 492*h + 8151. Determine p(-16).
535
Let q(w) = 2*w**2 - 6695*w - 100850. Give q(-15).
25
Let z(j) = 2*j**3 + 3*j**2 + 24*j - 219. What is z(4)?
53
Let q(c) = 3*c**3 - 210*c**2 + 1032*c + 18327. Determine q(63).
-6
Let c(h) = -2*h**3 - 51*h**2 + 17063*h - 324. Determine c(-106).
-6
Let s(r) = -r**2 - 229*r + 33301. Give s(102).
-461
Let f(b) = b**2 - 784*b - 278022. Calculate f(1049).
-37
Let a(x) = 796*x + 44278. What is a(-55)?
498
Let f(g) = -3*g**3 + 113*g + 127. What is f(0)?
127
Let t(f) = -f**2 - 920*f - 81386. What is t(-99)?
-107
Let f(z) = -1297*z + 37591. Determine f(29).
-22
Let y(q) = -10*q**3 - 1490*q**2 + 20*q + 289. Give y(-149).
-2691
Let i(o) = -92*o - 8667. What is i(-97)?
257
Let b(v) = 7062*v - 28053. Calculate b(4).
195
Let g(t) = 3444*t + 72764. What is g(-21)?
440
Let x(l) = -l**3 + 37*l**2 - 423*l + 12351. Calculate x(35).
-4
Let q(i) = -8*i**2 - 10708*i - 21412. What is q(-2)?
-28
Let o(m) = 2*m**2 + 37*m - 7450. What is o(-71)?
5
Let g(r) = -59755*r + 478033. Calculate g(8).
-7
Let p(k) = -5889*k + 11837. Give p(2).
59
Let t(o) = 168*o - 16257. Determine t(95).
-297
Let a(o) = -o**3 + 6*o**2 + 226*o - 316. Determine a(-13).
-43
Let a(i) = -67*i**2 + 15540*i + 32304. What is a(234)?
12
Let k(b) = -120*b + 17542. What is k(137)?
1102
Let f(k) = -546*k**2 + 4916*k + 42. Calculate f(9).
60
Let r(s) = -40*s**2 + 2134*s + 34503. Determine r(-13).
1
Let d(k) = k**3 - 141*k**2 + 124*k - 102080. Determine d(145).
0
Let s(k) = -4*k**3 + 16*k**2 - 184*k + 671. Determine s(4).
-65
Let v(i) = -9*i**2 - 334*i - 2944. Determine v(-23).
-23
Let v(l) = -l**3 - 36*l**2 + 2384*l + 80374. Calculate v(-32).
-10
Let u(k) = -25*k**3 + 263*k**2 + 212*k - 27. Give u(11).
853
Let f(t) = -351*t + 7365. Calculate f(21).
-6
Let x(k) = 2*k**2 + 2666*k - 2022835. Determine x(-1873).
5
Let a(g) = 40*g**2 - 3247*g - 25966. Give a(-8).
2570
Let n(m) = -3673*m + 58747. Calculate n(16).
-21
Let y(r) = -r**3 + 168*r**2 + 898*r + 25674. Give y(174).
270
Let q(f) = 11735*f + 58640. Give q(-5).
-35
Let y(z) = z**3 - 324*z**2 + 2793*z + 13221. Calculate y(315).
-9
Let w(m) = -8*m**2 + 794*m + 1479. Calculate w(101).
65
Let m(b) = -4*b**3 + 571*b**2 + 141*b - 1164. What is m(143)?
-1450
Let q(r) = -14*r**3 - 378*r**2 - 19*r - 20. Give q(-27).
493
Let j(l) = -2*l**3 - 2285*l**2 + 9163*l - 1. Give j(4).
-37
Let h(q) = -111879*q + 1454406. What is h(13)?
-21
Let t(a) = -363*a - 11437. Determine t(-29).
-910
Let v(h) = -10*h**2 + 5284*h - 48783. What is v(519)?
3
Let v(u) = -u**3 + 24*u**2 + 784*u - 18801. Give v(28).
15
Let z(g) = -g**3 + 21*g**2 + 269*g + 663. Determine z(-5).
-32
Let b(f) = -1756*f**3 - 100*f**2 - 116*f - 15. Calculate b(-1).
1757
Let d(p) = -5*p**2 - 2130*p - 211186. Determine d(-269).
-21
Let w(h) = -78627*h + 25396527. Calculate w(323).
6
Let a(q) = 64642*q - 516926. Give a(8).
210
Let n(s) = 385*s + 2015. Give n(-5).
90
Let h(s) = 6*s**3 + 27*s**2 - 117*s - 56. Give h(3).
-2
Let q(w) = w**3 - 123*w**2 + 3302*w + 27960. Give q(59).
-6
Let k(h) = 7*h**2 - 177*h - 255192. Calculate k(20